lculate the highest common factor of s and 295.
5
Let j = -23 + -113. Let y = 102 - j. Let d = 3152 - 3118. What is the highest common divisor of y and d?
34
Suppose 0 = -69*f + 2495 + 196. Suppose 0 = -0*b - 3*b + 2223. Calculate the highest common factor of b and f.
39
Let g(h) = -348 + 235 + 167 - 46*h - 2*h**2. Let j be g(-24). What is the highest common factor of 8 and j?
2
Let l be ((-21)/(-48)*4)/(12/3072). What is the greatest common factor of l and 28?
28
Let y be (-20 + 11 - -4) + 9498 + -1. What is the highest common factor of 84 and y?
84
Let i = -83 + 260. Suppose 0 = -15*g + 18*g - i. Suppose 3*r - 55 = g. What is the highest common factor of r and 19?
19
Let l = -137 - -139. Suppose 2*t - 115 = 5*z, 4*z = -l*t - 3*t + 238. What is the highest common factor of 125 and t?
25
Suppose 5*d - 231*l - 318 = -228*l, 0 = -2*l - 2. Calculate the highest common divisor of 924 and d.
21
Let b be 5/(-10) - (-251)/2. Suppose 135 = 12*m - 465. Suppose -m = -11*y + 9*y. Calculate the highest common divisor of y and b.
25
Suppose -f = -9*b + 4*b - 284, -b - 796 = -3*f. Calculate the greatest common factor of f and 990.
66
Let m(h) = -459*h - 351. Let q be m(-16). What is the highest common factor of q and 108?
27
Let w be -2 + 4/((-7)/(-7)). Let x be w/(-18) + ((-4324)/(-36) - 6). What is the highest common divisor of 6 and x?
6
Let l = 390 - 290. Let f = 316 - l. What is the highest common factor of f and 48?
24
Suppose -24624 = -145*d + 109*d. Calculate the greatest common factor of d and 532.
76
Suppose -142*f + 113812 = -630268. What is the greatest common factor of f and 80?
40
Suppose 0 = -a + 4*l + 13, 2*a - 7*a - 3*l - 27 = 0. Let x(w) = -w**3 - 2*w**2 - 7*w - 10. Let d be x(a). What is the highest common factor of d and 620?
20
Suppose 25*q - 34890 = 42*q - 108874. Calculate the greatest common factor of q and 17.
17
Let k(v) = v - 7. Let c be k(12). Let g be ((-130)/(-25))/(2/c). Suppose -g = -p - 0. What is the greatest common divisor of 143 and p?
13
Let g be 5*14/(-105) + 106/6. Suppose -232 = -4*q + s, -g*s + 281 = 5*q - 16*s. What is the highest common factor of 15 and q?
3
Let t(g) = g**3 - 26*g**2 + 66*g - 430. Let i be t(24). Calculate the highest common divisor of 338 and i.
2
Let g = 1 + -4. Let n be g - -3 - 6*-1. Suppose 107 = 16*y - 661. What is the highest common divisor of y and n?
6
Let v be (-28)/(-70) - -4*58/20. Let o be 9/27 + 1400/v. What is the highest common divisor of o and 39?
39
Let n(b) = 429*b - 1650. Let h be n(4). What is the highest common factor of h and 352?
22
Let c(d) = 2*d**2 - 25*d + 49. Let f be c(15). Let x = f + -91. Calculate the greatest common divisor of x and 9.
3
Let k = -706 - -716. Let m = 366 + -116. Calculate the highest common divisor of k and m.
10
Let g = -1075 + 1921. Let x be 4*1/(-14) + g/21. Suppose 16 - x = -3*l. Calculate the greatest common factor of 64 and l.
8
Let z = -14856 - -16056. What is the highest common divisor of 130 and z?
10
Let x be 5 + 118 + 6 - 16/(-24)*9. Suppose 2*u + y - 28 = 0, -4*u + 2*y + 27 = -37. Calculate the greatest common divisor of u and x.
15
Let l(v) = -v**3 - 4*v**2 + 65*v + 12. Let f be l(-15). Suppose -13*k + 5*k = -f. Calculate the highest common factor of 21 and k.
21
Let m = -386 + 645. Suppose -3*t - 4*n + 529 = 0, -3*t + 263 + m = -3*n. What is the greatest common factor of 75 and t?
25
Let q = -928 - -1928. Calculate the highest common divisor of 7400 and q.
200
Let l(c) = 85*c**3 + c**2 - 2*c + 1. Let b be l(1). Let a be (0 - 3)*28/(-42) + -1. Let q be 6 - 3 - (-2)/a. Calculate the greatest common divisor of q and b.
5
Suppose 84 = 5*v - 91. Let w = -36 + v. Let m be (-4)/(16/(-188)) - w. Calculate the highest common factor of 24 and m.
24
Let p(h) = -4*h**2 + 12*h + 10. Let z be p(15). Let w = z - -1315. What is the greatest common factor of 55 and w?
55
Let i = -124 + 190. Suppose 0 = -0*y - 2*y + 20. Suppose 7*q - 2805 = -y*q. What is the highest common factor of q and i?
33
Suppose 71696 - 33160 = 446*g - 79208. Calculate the greatest common divisor of 96 and g.
24
Let f be 115 + (66/44 - 11/2). Let w = 243 - f. What is the greatest common factor of w and 48?
12
Suppose v + 122 + 365 = g, 5*g + 3*v - 2427 = 0. Suppose 0 = -27*q + 3645 - g. Calculate the greatest common factor of q and 6.
3
Let h(f) = 114*f**2 - 11*f - 1. Let v be h(1). Let w be (-46)/(-69)*v/4. Calculate the highest common divisor of w and 51.
17
Let t(u) = 312*u + 4997. Let x be t(-16). Suppose 4*f - 3*f = 0. Suppose -v + 58 - 13 = f. Calculate the highest common divisor of x and v.
5
Let g be (-1650)/(-8) + 1 + 2/(-8). Calculate the greatest common divisor of 115 and g.
23
Let t(f) = f**3 - 2*f**2 + 3*f - 4. Let u be t(2). Suppose 0 = x + 15 - 19. Let n be 5 + 1/(-1) + x. Calculate the highest common factor of u and n.
2
Let v(d) = -d + 13. Let w be v(13). Let c be 3 - (-41 - (1 + w)). Let n be (-4)/20 - (-78)/15. Calculate the greatest common factor of c and n.
5
Let s(c) = 1017*c - 7793. Let h be s(8). What is the highest common factor of h and 8?
1
Let n = -420 - -424. Suppose -3*q = -n*b - 22, -4*q + 13 = 5*b - 6. Calculate the highest common divisor of q and 3.
3
Let l(r) = 37*r**2 - 518*r + 24. Let a be l(14). What is the highest common divisor of a and 474?
6
Let o be 2 - -852 - 35/(-25)*-5. What is the greatest common factor of o and 11?
11
Let j(m) = m**3 + 2*m**2 + 7*m - 7. Let i be j(4). Calculate the greatest common factor of 27 and i.
9
Let f be 13565/8 - (-702)/1872. Calculate the greatest common divisor of f and 32.
32
Let z = 18144 + -18123. Let d be 2/4 + (-110)/(-4). What is the highest common factor of d and z?
7
Suppose 6*s + 6288 = 21828. What is the greatest common factor of s and 70?
70
Let h(c) be the second derivative of -c**4/6 - 10*c**3/3 - 15*c**2/2 - 25*c. Let r be h(-9). What is the highest common divisor of r and 4?
1
Let a be -21 + (10 - 1) + 2787. Calculate the highest common divisor of a and 15.
15
Suppose 0 = -o - m + 30, 5*o - 6780*m = -6776*m + 249. Let c be (2 - (1 + 10))*-41. What is the highest common factor of o and c?
41
Let l(n) = n**3 + 8*n**2 - 4*n - 18. Let w be l(-8). Let d be ((-6)/4 - 0)*(-98)/(-21). Let j = -5 - d. What is the highest common divisor of j and w?
2
Suppose -27 = -3*q - 6*q. Suppose 3*g = -t + q, 2*t + 4*g = 3*g - 19. Let x = t - -30. What is the greatest common factor of 54 and x?
18
Let a(u) = -3*u**3 + 26*u**2 + u - 2. Let x be a(3). Calculate the greatest common factor of 396 and x.
22
Let q(u) be the first derivative of -10 + 1/2*u**2 + 26*u. Let c be q(-9). What is the highest common divisor of 1 and c?
1
Suppose 2*l = 156 + 1692. Suppose -9*w + 5*w = -l. Suppose 3*k + 93 = 2*x + 3*x, 5*k = 2*x - 22. What is the highest common factor of w and x?
21
Let z = 10861 - 9411. Calculate the greatest common divisor of z and 40.
10
Suppose -45*s + 40*s - 15 = 0. Let b be 154/35 - (18/10)/s. Suppose -g = b*g - 54. What is the highest common factor of 63 and g?
9
Let j = -2142 - -9540. What is the highest common divisor of j and 18?
18
Let k(w) = 45*w - 48. Let f be k(2). Let g be 14/f*(-48)/(-2). Suppose -3*z + 6*t = 2*t - 7, 0 = -2*z + t + 3. Calculate the highest common divisor of z and g.
1
Suppose 5*j - 2 - 38 = 0. Suppose -48 = -13*o + 5*o. Suppose o*p - 2*d - 210 = 2*p, 3*p - 151 = -5*d. Calculate the highest common divisor of j and p.
4
Let z = -50 + 58. Let q be 16/6*-4*(-3)/z. Suppose -5*i = 2*l + 9, -2*l - q + 10 = 2*i. What is the greatest common factor of l and 8?
8
Suppose 8 - 17 = -9*t. Let l be t + -2 + 7 + 58. Calculate the greatest common divisor of l and 28.
4
Suppose -3*q + 26 = -5*q - 4*h, 4*q + 55 = -5*h. Let m = q + 39. What is the highest common factor of 9 and m?
3
Suppose 85*g - 66*g = 285. Calculate the greatest common factor of 4245 and g.
15
Let f = -18 - -21. Let s be (f - (-45)/(-10))*-38. Let t = 21 + s. What is the highest common factor of t and 52?
26
Let l(i) = -70*i + 7146. Let n be l(102). What is the highest common factor of n and 942?
6
Let p be (308/99)/(-28) + 15960/27. Calculate the greatest common divisor of 985 and p.
197
Let h be 1 - 1 - (-6)/(-3) - -4. Suppose h*n + 3 = -3*x + 1, 4*n + 2*x = -4. Let z be 61 - n/1 - -4. Calculate the greatest common divisor 